17
Evaluate -7 + (-14 - (-22 - 8)) - 62 - -13.
-40
What is the value of (-102 + 67 - (-40 - -3)) + 73?
75
What is the value of -91 + (-42 - -75 - 12)?
-70
Evaluate (-4 + 5 - (1 + 6)) + (0 + -8 - 0).
-14
Calculate (-3 - -29) + (-80 + 38 - -59).
43
Evaluate (-54 - -7 - -63) + 2.
18
What is the value of -7 + -2 + -31 + -55 + 94?
-1
Evaluate 383 - 460 - (-35 + 0).
-42
What is the value of (57 - (-49 + 134)) + -63?
-91
Calculate -114 + (37 - -47) + (-20 - 2).
-52
What is the value of (92 - -49) + (-6 - 87)?
48
Calculate -3 + -1 - (-6 + 40).
-38
What is -31 + (24 - 17 - -16) - (0 - -14)?
-22
13 - 9 - (6 + (7 - 4) + 4) - 42
-51
25 + -146 - (-164 - -91)
-48
What is the value of (-1137 - -1265) + 2 + -3 + -8 + 2?
121
What is the value of (3 - -7) + (-981 - -1037)?
66
-31 + (-16 - (-11 - 27)) + -46
-55
Calculate -5 + 23 - (2 + -14 - -10).
20
Evaluate 108 - (5 + -129 + 122).
110
Evaluate 2 + -7 + (11 - 4) + -15 + 6 + 9.
2
What is the value of -57 + -16 + 61 + -45?
-57
Calculate 100 + (-6 - 12) - (-13 - -20 - -1).
74
-13 + (-3 - -92) + (-28 - (0 + -11))
59
-5 + 21 - (-1 - 3) - (-21 + 33) - -4
12
Calculate (2 - -3) + (90 - -2 - (114 - 102)) - 5.
80
What is the value of -5 + 18 + -62 + -21 + (-7 - (0 - -1))?
-78
What is -13 + 3 + (-17 - -9 - -29) + 9?
20
What is 70 - (-57 + 54 + 9)?
64
What is (-87 - (-53 - -21)) + 4?
-51
Calculate (2 - (-2 + -2)) + -2 + 18.
22
Calculate 61 - (54 + -51) - 72.
-14
What is (10 - (3 + -2 - -1)) + -362 + 419?
65
Evaluate -12 + -13 + (-30 - -15) + 12 - -9.
-19
What is 20 - (-80 + 23 + 60)?
17
(21 + 15 - 44) + 20 - 76
-64
Evaluate -2 + ((-24 - (11 + -10 + -16)) + -121 - -14).
-118
(1 - 20) + 0 - (482 + -652 - -196)
-45
What is 0 + (0 - 44) - (-131 + -131 + 264)?
-46
Calculate (5 - -11) + -6 + -57 + -12.
-59
Calculate (-24 + (10 - (-2 + 5)) - -90) + 13.
86
What is -3 - (-1 + 3 - -29) - (34 - 20)?
-48
Calculate (35 - (-3 + 11) - 13) + 17.
31
What is 48 - -2 - 39 - 67?
-56
(47 - (-6 + 0 - (-98 - -86))) + -15
26
Evaluate (0 - 13) + (157 + 41 - 87).
98
What is the value of 55 - (-5 + 23 - (21 + -8 - 2 - 1))?
47
Evaluate 35 + (-46 - (-56 + 32)).
13
Calculate (-1 - -29) + -2 - 1 - (84 - (-35 + 121)).
27
Calculate (9 - (-14 - -68)) + 8 + (10 - 13).
-40
Evaluate -12 - (17 - 46 - -16) - (15 - 12 - -75).
-77
What is 16 - (-23 + 10 + 43) - -6?
-8
What is 1 - (5 - (-3 + -1) - 11 - 34)?
37
(-4 - 2) + 2797 + -2718
73
Evaluate -20 + 1 - (4794 + -4743 + (-1 - -5)).
-74
What is (-25 - (0 - 1)) + (-6 - (41 + -69)) + -17?
-19
What is the value of (55 - 76) + -15 + 45?
9
Evaluate (-8 - (3 + -1)) + 8 - 8 - (-41 - -9).
22
Evaluate 46 + -6 + 41 + -51 + 13 + 2.
45
What is (11 - 14 - 9 - -14 - -9) + 21?
32
-2 + (6 - (-69 + 103 - ((3 - 1) + -4)))
-32
-4 - (-7 + -5 - (2 - 22 - 12))
-24
Evaluate -5 + 21 + 17 + 3 + (-20 - -16).
32
-2 - (58 - -4) - (395 + -404)
-55
Evaluate 4 - (-22 + (14 - -36)).
-24
-4 + -14 - (-12 + -14 + 1 + 7)
0
What is -19 + (52 - 22) + -4 - -49?
56
What is the value of (1365 - 1340) + -153 + 5 + 2?
-121
0 - (1 + -1 + (-75 - -37 - -41))
-3
(-103 - (-10 - (14 - 35 - -23))) + 12
-79
What is (-5 - (24 - 34) - (0 - -8)) + 4?
1
Calculate 0 + (9 + (4 - (0 - -4)) - 4) + -13.
-8
-2 - ((130 - 256) + 130)
-6
Evaluate -8 - (3 + -2 + 9 - -8 - (15 + -8)).
-19
Evaluate 67 + -65 + -33 + 8.
-23
(-52 + 104 - (-1 + 0)) + -8
45
What is the value of 26 + 2 - (-39 - 3 - -58)?
12
Evaluate (-1 - -1 - (15 + -112)) + (-6301 - -6308).
104
Evaluate 54 - (59 + 29) - -43.
9
Evaluate (-10 - -25 - 0) + -36 - (13 - 1).
-33
What is 21 - (17 + 13) - (2 - 11) - 84 - 0?
-84
Evaluate -3 - (-106 - (59 - 119)).
43
What is the value of (-39 - -44) + -4 + 0 + -5 + 21?
17
What is (-2 - 2) + (16 - (-1 + 5)) - -32?
40
Evaluate (-94 - -250) + -34 - 201.
-79
Calculate -76 + (92 - (-48 + 99)).
-35
Calculate (2 - 109) + 625 + -623.
-105
What is (18 - (16 + -11)) + 3 + -5 + 41?
52
Calculate -17 - (-3 - -17 - -1 - 5).
-27
Calculate (23 - 1) + (-1 - 1) + (63 + 7 - 61).
29
Calculate (-4 + 3 + -14 - ((8 - -8) + -47)) + 113.
129
What is the value of -14 - (-47 + 30 - ((7 - 11) + 8))?
7
Calculate -74 - -81 - (15 - -2) - (-4 - 49).
43
What is -18 + -42 + -32 + 115?
23
What is (-29 - -2) + (-369 - -410) - 42?
-28
What is the value of 51 + 1 - (76 - (40 + 12))?
28
168 + -171 + (-16 - 0) + -4 + -8
-31
What is the value of 3 - (-56 + 27 - -9) - -24?
47
What is the value of -9 + -29 + 18 + 58 + -117?
-79
Evaluate -3 + 0 + -24 + (6 - 3 - (8 + -13)).
-19
Calculate -14 - -12 - (9 + -49 + 24).
14
Calculate (-4 + (-2 - -3) - -10) + 16 + (-63 - -44).
4
Evaluate -101 - ((-65 - -72) + -90).
-18
Evaluate (-2150 - -2173) + (15 - -4).
42
Calculate (-533 - -540) + 7 + -6 + 38.
46
Evaluate -36 - (7 + -4) - 5.
-44
What is -36 + (3 - 7) + -15 + 0 + 13?
-42
Evaluate 5 + 0 + -4 + -7 + (-32 - -51) + 40.
53
Calculate 104 - 1 - (1 - (-10 + -13)).
79
What is the value of 3 - (6 + -10 + 15 - 22 - -11)?
3
What is the value of -28 - (-35 + 49) - (-12 + 2) - -19?
-13
Evaluate -6 + 31 + (-37 - -64).
52
What is the value of -18 + 2 + (-589 - -567) - -7?
-31
133 + -97 + -86 + (-2 - -3)
-49
-14 - 3 - (68 + -84 + 20)
-21
5 + (-11 - -9 - 2) + (-24 - -46)
23
What is the value of -4 - ((-30 - -81) + -35)?
-20
(-65 + 73 - 38) + -26
-56
Calculate -74 + 37 + 91 + -136.
-82
Calculate -6 - ((11 - -46 - 29) + 8).
-42
What is -48 + -4 + (-9 - -42 - 42)?
-61
Calculate 22 + (-8 - (9 - 34) - 17) - 136.
-114
What is -235 + 108 + 107 - (1 + -4)?
-17
Evaluate (7 - (-5 - 3 - -4)) + 164 + -86.
89
What is the value of 1 - 13 - (18 + 38 - 22) - -12?
-34
What is the value of -38 - (59 + -43 + 10 - 9)?
-55
11 + (10 - ((9 - -1) + 11) - -15)
15
Calculate (-30 - -10) + (-90 - -72).
-38
Calculate -861 + 901 + -2 + 16 + -17.
37
Calculate -28 + 38 - (-56 + 76).
-10
What is the value of -7 - (25 + -50 + (-8 - 2))?
28
What is (-2 - 4) + 19 + -12 + 2 + (3 - 37)?
-31
What is the value of -25 + (-8 - -27) + -37 + 1?
-42
What is 22 + 8 + 7 + -62 + -4?
-29
What is the value of -22 - (-48 - -18) - (7 - (1 - 3))?
-1
What is (22 - -10 - -6) + -14 + -7 - 19?
-2
What is the value of -106 - (0 - (-62 - -49)) - 28?
-147
65 + 22 + -64 + 57
80
1 + 36 - (0 + (-43 - -44))
36
Evaluate ((1 - -8) + 1 - 0 - (13881 + -13872)) + 41.
42
What is -25 + (-6 - -23 - -7) - (1 - -3 - -10)?
-15
What is 39 + -53 + 30 + -26 + 57 + -1?
46
What is (-2 - -2) + (-436 - -435)?
-1
-35 + 2 + -2 + (-138 - -36 - -101)
-36
What is (-51 - (23 + -41)) + (3 - -84)?
54
(36 - 51) + 11 - ((3 - -1) + -6 - 4)
2
Evaluate -4 + (34 - 0 - (-363 + 383)).
10
What is (-10 + 4 - 22) + (-10 - -31)?
-7
What is -8 - (15 - ((7 - -7) + 1) - (8 + -60))?
-60
What is the value of -20 - (-71 - 14 - -17 - 15)?
63
What is (-8 - -4 - (-2 + 2)) + 227 + -160?
63
-12 + 15 + 44 + 43
90
What is the value of 12 - -11 - (28 + (-7 - 7) - 17)?
26
What is the value of 138 - ((38 - 4) + (-102 - -103) - 23)?
126
Calculate 2 + (-20 + 11 - -9) + 16.
18
(53 - 73) + 145 - (-17 + (6 - -2))
134
Calculate -8 + (14 - 15) + -9 + 14 - 15.
-19
Calculate (-31 - (-18 - 6)) + (-3 - -14) + -41.
-37
Calculate -116 + 126 + (3 - -12 - -4).
29
What is (-106 - (-8 - -20) - 8) + (12 - (-15 + 13))?
-112
What is the value of -5 - (14 - (5 - 1) - (-1 + -5 + -93))?
-114
What is the value of 7 - 42 - (14 - (38 - 15))?
-26
306 + -335 + (37 - 6) - (0 + -42 - 1)
45
Calculate 56 + -52 + (-7 - -31) + -85.
-57
What is the value of 0 + 83 - (32 + 92 + -111)?
70
What is -30 - (28 - (-17 + 88 + -25))?
-12
-25 + (-6 - (-10 - 23)) - -3
5
Calculate 19 - 26 - ((-5 - -34) + -2).
-34
Calculate (6 - (-15 - -34)) + 20.
7
What is the value of 62 - (-87 + 274 + -59)?
-66
Calculate 12 + -14 - ((-2 - 0) + 73 + (158 - 161)).
-70
-63 - (-74 + 87 + -62)
-14
What is the value of (-8 - 2) + 0 - (1768 - 1810)?
32
What is -14 + (7 - -8) + -1 + 15 + 4?
19
Evaluate -7 - (54 + -48 - 72).
59
What is -1 - -14 - (-18 + 28 + (-29 - -16))?
16
What is the value of (-1 - -58) + (-21 - ((-9 - 12) + 8))?
49
What is 67 - 83 - (-3 - 8) - -8 - 6 - -138?
135
2 + -6 + 1 + -8 + -43 + 2 + -18
-70
Evaluate -22 + (4 - -3) + -9 + -4 + 14.
-14
(2 + 3 - 5) + (1 + -17 - 43) + -14
-73
What is 67 - (-92 - (-267 + -27))?
-135
What is 487 - 486 - (-5 - (4 + -2)) - -23?
31
What is the value of -81 + 10 - (217 - 250)?
-38
Calculate -8 - ((-6 - -8) + 17).
-27
What is the value of -14 - 1 - (11 - (-15 + (6 - -31)))?
